 + 11*l**2. What is the remainder when 43 is divided by s(1)?
21
Let v be ((-40)/5)/((-4)/14). What is the remainder when 303/7 - 8/v is divided by 11?
10
Let u be 1/2 + (-98)/(-4). Let m = u - -3. Let o(s) = -9*s - 3. Calculate the remainder when m is divided by o(-2).
13
Let a = 53 + -37. What is the remainder when 60 is divided by a?
12
Let t(o) = 20*o - 14. Calculate the remainder when t(2) is divided by 8.
2
Let r = -31 - -52. What is the remainder when 82 is divided by r?
19
Let t(s) = 8*s - 9. Calculate the remainder when t(5) is divided by 11.
9
Let x(q) = 3*q - 4. Let r(z) = -z + 2. Let d(s) = -5*s + 10. Let j(b) = 2*d(b) - 11*r(b). Let y be j(6). What is the remainder when x(y) is divided by 3?
2
Suppose -141*p - 58 = -143*p. Suppose w + 3 + 2 = 3*u, -w - 2*u + 20 = 0. Calculate the remainder when p is divided by w.
9
What is the remainder when (10/(-15))/((-6)/1233) is divided by 35?
32
Let r = -80 - -116. Let x(c) = -c**3 - 7*c**2 - 5*c + 5. Let b be x(-6). Calculate the remainder when r is divided by (-19)/2*(-1 + b).
17
Let n(h) = -h**3 + 6*h**2 - 5*h - 6. Let q be n(5). Calculate the remainder when (-28)/3*9/q is divided by 8.
6
Suppose 65*n + 272 = 69*n. Calculate the remainder when n is divided by 35.
33
Let p be -5 + 3 - 4/(-2). Suppose -b + p = -4. Suppose 7*n = -5*t + 2*n + 85, -2*t - 3*n = -37. What is the remainder when t is divided by b?
2
Let g(t) = t**3 - 5*t**2 + 5*t - 13. Let s be g(6). Let n = s - -54. What is the remainder when n is divided by 27?
26
Suppose 0*y = 2*y - 54. Let o = 45 + -30. What is the remainder when y is divided by o?
12
Let n(y) be the first derivative of y**2/2 + 19*y - 1. Suppose 0 = -0*z - 3*z + 2*z. Calculate the remainder when n(z) is divided by 7.
5
Let j(y) = -y**3 - 6*y**2 - 4*y + 1. Let a be j(-4). Let l(z) = z**3 - 5*z**2 + 2*z + 4. What is the remainder when (-819)/a - (-6)/15 is divided by l(5)?
13
Let g be ((-72)/4)/((-2)/(-1)). Let f = g + 25. Calculate the remainder when 28 is divided by f.
12
Calculate the remainder when 32 is divided by ((-54)/3)/((-3)/2).
8
Suppose 5*p + 26 = 76. Calculate the remainder when (-98 - -14)*(-3)/9 is divided by p.
8
Let u = 6 + -3. Calculate the remainder when -2 - 36/(-21) - 516/(-42) is divided by u.
0
Let v = 86 + -49. What is the remainder when 106 is divided by v?
32
Let q be (-2 - -1)*-1 + 1. Suppose -2*z - q*a - 4 = 0, 5*a + 17 = 4*z - 11. What is the remainder when 2 is divided by z?
0
Suppose -4*r + 2*w = -666, 2*r - 374 + 26 = 4*w. Suppose 0 = 3*i + i - r. Calculate the remainder when i is divided by 21.
20
Let w = 109 + -29. Suppose w = -a + 5*a. What is the remainder when 57 is divided by a?
17
Let q = 5 + 17. Calculate the remainder when 6 + 60 - (0 + 2) is divided by q.
20
Let d = -4 - -15. Calculate the remainder when 1 + -2 + 35 + 8/(-2) is divided by d.
8
Suppose 5*q - q - 56 = 0. Let x = 47 - q. Let l = x + -23. What is the remainder when 18 is divided by l?
8
Suppose 2*z = z + 5*h + 73, 3*z - 5*h = 239. What is the remainder when (0 - 0) + 0 + z is divided by 21?
20
Let v be 2/11 + (-8)/44. Suppose 2*b - 135 = -3*r, v = 4*r + 4*b + 13 - 197. What is the remainder when r is divided by (-24)/(-1) + (-2)/1?
21
Let i be 1/5 + 342/15. Suppose -11 = 2*n - i. What is the remainder when 22 is divided by n?
4
Let a(m) = -m - 7. Let w be a(-7). Let j(b) = b + 16. Let s be j(0). Suppose -s = -w*k - k. Calculate the remainder when 46 is divided by k.
14
Suppose -3*b - 5 = -14. Suppose -4*u + 0*m = 4*m - 8, -1 = b*u - 4*m. Calculate the remainder when 2 is divided by u.
0
Let u = 80 - 54. Let g(w) = -2*w + 3. Let z be 7/(-3) + 4/(-6). Calculate the remainder when u is divided by g(z).
8
Suppose 4*d = 8*d + 12. Suppose -2 = -j, 3*s - 3*j = s + 38. Calculate the remainder when s is divided by ((-24)/9)/(1/d).
6
Suppose -3*q - f = -407, 5*q = q - 3*f + 536. What is the remainder when q is divided by 28?
25
Let l(n) = -n**2 - 23*n - 77. What is the remainder when 29 is divided by l(-18)?
3
Let c = 0 + 9. What is the remainder when 23 is divided by c?
5
Suppose -4*v + 3*d + 21 = 0, -v + 0*d = d. Suppose 5*s = v*s + 20. Calculate the remainder when 19 is divided by s.
9
Let m(n) = 2*n + 38. What is the remainder when 33 is divided by m(-10)?
15
Suppose 4*k - 8 = 0, -5*r + 22 = -5*k + k. Suppose -x = -r*x + 185. Calculate the remainder when x is divided by 19.
18
Suppose -10*f = -5*f - 100. Suppose -60 + f = -x. Calculate the remainder when x is divided by 14.
12
Let c = 8 + 1. Let r(y) = 0*y + 7*y - 4 + y - 5*y. What is the remainder when r(c) is divided by 12?
11
Let y(a) = 0*a**2 - 2*a + 29*a**2 + 1 + 0 - 5*a**2. Calculate the remainder when y(1) is divided by 5.
3
Suppose -4*t + 112 = -236. What is the remainder when t is divided by 30?
27
Suppose -4*g + 0*j = 3*j - 95, 4 = 4*j. What is the remainder when g is divided by 7 - -2*2/4?
7
Let j = 87 + -17. What is the remainder when j is divided by 37?
33
Suppose -3 = -7*q + 6*q + 5*t, 0 = 4*q - 2*t - 48. Suppose 4*z = 7 + 21. What is the remainder when q is divided by z?
6
Suppose 27*m - 32*m = -100. What is the remainder when 57 is divided by m?
17
Let w(f) = 5*f - 2. Let g be w(3). Let m = g - 1. Let p(l) = -5*l - 8. What is the remainder when p(-6) is divided by m?
10
What is the remainder when 32 is divided by (36/(-14))/((-36)/168)?
8
Let y(i) = i**3 - 2*i**2 + 3*i - 1. Calculate the remainder when (3 + 28)*(6 - 5) is divided by y(3).
14
Suppose -4*f + 123 = -2*t + 31, -12 = 3*t. Calculate the remainder when 61 is divided by f.
19
Let h(i) = -33*i**3 + i**2 + 2*i + 1. What is the remainder when 131 is divided by h(-1)?
32
What is the remainder when 172 is divided by (-120)/(-16)*6/1?
37
Let l(t) = 2*t**2 + 6*t. Let c = -7 + 12. What is the remainder when l(-4) is divided by c?
3
Let v = 3 + -15. Let r(z) = z**2 + 10*z - 2. Calculate the remainder when 43 is divided by r(v).
21
Suppose 0 = -3*z - f + 18, f + 8 + 4 = 2*z. What is the remainder when 9 is divided by z?
3
Let c = 31 + -16. What is the remainder when 55 is divided by c?
10
Suppose y - 2 = 3*y. Let b = 4 - y. Suppose b*j - 30 = -5*o, 2*o = j - 0*j - 18. What is the remainder when 29 is divided by j?
9
Let d(f) = f**2 - f - 3. Let r be d(-3). Suppose -3*h + r = -75. What is the remainder when 83 is divided by h?
27
Suppose 6 + 2 = 4*x. Suppose -3*t - 67 = -3*b - 4*t, 48 = x*b - t. What is the remainder when b is divided by 12?
11
Let x = 5 + -4. Let q = x + 9. What is the remainder when 37 is divided by q?
7
Suppose 0 = -4*z - 3*k + 2*k + 138, 3*z - 107 = k. What is the remainder when z is divided by 19?
16
Suppose -2*m + 32 = g - 2, -m - 5*g = -35. Suppose 44 = 2*u - u. What is the remainder when u is divided by m?
14
Let g = -2 - 5. Suppose -2*u + 3*c - 16 = 0, -5*u - c = 4 + 2. Let t = u - g. What is the remainder when 14 is divided by t?
4
Let j(b) = -2*b**2 + 43*b + 29. Calculate the remainder when 13 is divided by j(22).
6
Suppose 9*x = 10*x - 12. What is the remainder when 69 is divided by x?
9
Let o be (-2)/(-9) + (-50)/(-18). Suppose 0 = o*f - 4*p - 57, p - 69 = -5*f - p. Calculate the remainder when 58 is divided by f.
13
Suppose 106 = 2*t - 4*l, 0 = -5*l + 20. What is the remainder when t is divided by 16?
13
Suppose -3*r = 2 - 5. What is the remainder when 3 is divided by r?
0
Suppose m + 3*v = 6*m - 168, 136 = 4*m - 2*v. Suppose 0 = 4*d + 4*r - m, 17 = 3*d - 0*d - 2*r. Let y = d - 3. What is the remainder when 15 is divided by y?
3
Let u = 40 + -26. Calculate the remainder when 52 is divided by u.
10
Let c(a) = a**3 + 12*a**2 + 11*a - 8. Let u be c(-11). Let h(v) = -7*v - 4. Calculate the remainder when h(u) is divided by 18.
16
Let s = 21 - -5. Suppose -3*l - l = -b - 50, -l - 3*b + 6 = 0. Let g = l + -3. What is the remainder when s is divided by g?
8
What is the remainder when (0 - (2/3 + 0))*-57 is divided by 10?
8
Suppose -151 = 12*i - 439. Calculate the remainder when 142 is divided by i.
22
Let f be 1*(-1 - -4)/3. Suppose 0 = d - 2*d + f. Let g = 7 - 6. What is the remainder when g is divided by d?
0
What is the remainder when -3 + 170/5 + -2 is divided by 16?
13
Let f = -3 + 5. Let n be 2 - (f + -1)*-6. Suppose 3*z - n = 2*z. What is the remainder when z is divided by 3?
2
Let g = 13 + -6. Let o(h) = -g*h**2 